{"id":28,"date":"2018-03-27T14:48:38","date_gmt":"2018-03-27T14:48:38","guid":{"rendered":"http:\/\/autoitec.com.br\/autoitecwp\/?page_id=28"},"modified":"2018-04-02T14:56:05","modified_gmt":"2018-04-02T14:56:05","slug":"servicos","status":"publish","type":"page","link":"https:\/\/autoitec.com.br\/autoitecwp\/servicos\/","title":{"rendered":"Servi\u00e7os"},"content":{"rendered":"<div class=\"clearpad\">\n<div class=\"item-page\">\n<div class=\"buttonheading\">\n<div>\n<p>Somos uma empresa especializada no desenvolvimento tecnol\u00f3gico e na otimiza\u00e7\u00e3o dos processos de fabrica\u00e7\u00f5es dos nossos clientes.<\/p>\n<p><span style=\"font-family: 'Source Sans Pro', sans-serif; font-size: 18px;\">Oferecemos diversos tipos de solu\u00e7\u00f5es na \u00e1rea de engenharia de automa\u00e7\u00e3o para v\u00e1rios segmentos de mercado.<\/span><\/p>\n<\/div>\n<div class=\"email\"><span style=\"font-family: 'Source Sans Pro', sans-serif; font-size: 18px;\">Nossas atividades s\u00e3o realizadas com metodologias espec\u00edficas de implementa\u00e7\u00e3o, implanta\u00e7\u00e3o e gerenciamento de projetos.<\/span><\/div>\n<div><\/div>\n<div class=\"email\"><span style=\"font-size: 18px; font-family: 'Source Sans Pro', sans-serif;\">Temos em\u00a0<\/span><span style=\"font-size: 18px; font-family: 'Source Sans Pro', sans-serif;\">quadro profissionais e parceiros com larga experi\u00eancia, adquirida ao longo de anos, em servi\u00e7os prestados a empresas de diversos segmentos do mercado, tais como:<\/span><\/div>\n<\/div>\n<\/div>\n<\/div>\n<ul>\n<li style=\"text-align: left;\">Siderurgia;<\/li>\n<li style=\"text-align: left;\">Minera\u00e7\u00e3o;<\/li>\n<li style=\"text-align: left;\">Alum\u00ednio;<\/li>\n<li style=\"text-align: left;\">Cimento;<\/li>\n<li style=\"text-align: left;\">Metalurgia;<\/li>\n<li style=\"text-align: left;\">Saneamento;<\/li>\n<li style=\"text-align: left;\">Tratamento de \u00c1gua<\/li>\n<li style=\"text-align: left;\">Papel e Celulose;<\/li>\n<li style=\"text-align: left;\">Petroqu\u00edmica;<\/li>\n<li style=\"text-align: left;\">Cloroqu\u00edmica;<\/li>\n<li style=\"text-align: left;\">Frigor\u00edficos;<\/li>\n<li style=\"text-align: left;\">F\u00e1bricas de Fertilizantes;<\/li>\n<li style=\"text-align: left;\">Montadoras de Autom\u00f3veis;<\/li>\n<li style=\"text-align: left;\">Edif\u00edcios Inteligentes;<\/li>\n<li style=\"text-align: left;\">Ind\u00fastrias de Bebidas e Aliment\u00edcias;<\/li>\n<li style=\"text-align: left;\">Usinas de Gera\u00e7\u00e3o de Energia.<\/li>\n<\/ul>\n","protected":false},"excerpt":{"rendered":"<p>Somos uma empresa especializada no desenvolvimento tecnol\u00f3gico e na otimiza\u00e7\u00e3o dos processos de fabrica\u00e7\u00f5es dos nossos clientes. Oferecemos diversos tipos de solu\u00e7\u00f5es na \u00e1rea de engenharia de automa\u00e7\u00e3o para v\u00e1rios segmentos de mercado. Nossas atividades s\u00e3o realizadas com metodologias espec\u00edficas de implementa\u00e7\u00e3o, implanta\u00e7\u00e3o e gerenciamento de projetos. Temos em\u00a0quadro profissionais e parceiros com larga experi\u00eancia,&hellip; <br \/> <a class=\"button small blue\" href=\"https:\/\/autoitec.com.br\/autoitecwp\/servicos\/\">Leia mais<\/a><\/p>\n","protected":false},"author":1,"featured_media":0,"parent":0,"menu_order":0,"comment_status":"closed","ping_status":"closed","template":"","meta":{"footnotes":""},"class_list":["post-28","page","type-page","status-publish","hentry"],"_links":{"self":[{"href":"https:\/\/autoitec.com.br\/autoitecwp\/wp-json\/wp\/v2\/pages\/28"}],"collection":[{"href":"https:\/\/autoitec.com.br\/autoitecwp\/wp-json\/wp\/v2\/pages"}],"about":[{"href":"https:\/\/autoitec.com.br\/autoitecwp\/wp-json\/wp\/v2\/types\/page"}],"author":[{"embeddable":true,"href":"https:\/\/autoitec.com.br\/autoitecwp\/wp-json\/wp\/v2\/users\/1"}],"replies":[{"embeddable":true,"href":"https:\/\/autoitec.com.br\/autoitecwp\/wp-json\/wp\/v2\/comments?post=28"}],"version-history":[{"count":8,"href":"https:\/\/autoitec.com.br\/autoitecwp\/wp-json\/wp\/v2\/pages\/28\/revisions"}],"predecessor-version":[{"id":224,"href":"https:\/\/autoitec.com.br\/autoitecwp\/wp-json\/wp\/v2\/pages\/28\/revisions\/224"}],"wp:attachment":[{"href":"https:\/\/autoitec.com.br\/autoitecwp\/wp-json\/wp\/v2\/media?parent=28"}],"curies":[{"name":"wp","href":"https:\/\/api.w.org\/{rel}","templated":true}]}}