{"id":30,"date":"2018-03-27T14:48:38","date_gmt":"2018-03-27T14:48:38","guid":{"rendered":"http:\/\/autoitec.com.br\/autoitecwp\/?page_id=30"},"modified":"2018-04-02T15:12:01","modified_gmt":"2018-04-02T15:12:01","slug":"eletrica","status":"publish","type":"page","link":"https:\/\/autoitec.com.br\/autoitecwp\/eletrica\/","title":{"rendered":"El\u00e9trica"},"content":{"rendered":"<ul>\n<li style=\"text-align: left;\">Projetos e montagens de pain\u00e9is el\u00e9tricos<\/li>\n<li style=\"text-align: left;\">Projetos e montagens eletromec\u00e2nicos<\/li>\n<li style=\"text-align: left;\">Elabora\u00e7\u00e3o de diagramas el\u00e9tricos<\/li>\n<li style=\"text-align: left;\">Projetos de paralelismo e exporta\u00e7\u00e3o de energia<\/li>\n<li style=\"text-align: left;\">Elabora\u00e7\u00e3o de diagramas de interliga\u00e7\u00e3o<\/li>\n<li style=\"text-align: left;\">Projetos de ilumina\u00e7\u00e3o<\/li>\n<li style=\"text-align: left;\">Supervis\u00e3o de montagem, comissionamento e start-up<\/li>\n<\/ul>\n","protected":false},"excerpt":{"rendered":"<p>Projetos e montagens de pain\u00e9is el\u00e9tricos Projetos e montagens eletromec\u00e2nicos Elabora\u00e7\u00e3o de diagramas el\u00e9tricos Projetos de paralelismo e exporta\u00e7\u00e3o de energia Elabora\u00e7\u00e3o de diagramas de interliga\u00e7\u00e3o Projetos de ilumina\u00e7\u00e3o Supervis\u00e3o de montagem, comissionamento e start-up<\/p>\n","protected":false},"author":1,"featured_media":0,"parent":0,"menu_order":0,"comment_status":"closed","ping_status":"closed","template":"","meta":{"footnotes":""},"class_list":["post-30","page","type-page","status-publish","hentry"],"_links":{"self":[{"href":"https:\/\/autoitec.com.br\/autoitecwp\/wp-json\/wp\/v2\/pages\/30"}],"collection":[{"href":"https:\/\/autoitec.com.br\/autoitecwp\/wp-json\/wp\/v2\/pages"}],"about":[{"href":"https:\/\/autoitec.com.br\/autoitecwp\/wp-json\/wp\/v2\/types\/page"}],"author":[{"embeddable":true,"href":"https:\/\/autoitec.com.br\/autoitecwp\/wp-json\/wp\/v2\/users\/1"}],"replies":[{"embeddable":true,"href":"https:\/\/autoitec.com.br\/autoitecwp\/wp-json\/wp\/v2\/comments?post=30"}],"version-history":[{"count":2,"href":"https:\/\/autoitec.com.br\/autoitecwp\/wp-json\/wp\/v2\/pages\/30\/revisions"}],"predecessor-version":[{"id":227,"href":"https:\/\/autoitec.com.br\/autoitecwp\/wp-json\/wp\/v2\/pages\/30\/revisions\/227"}],"wp:attachment":[{"href":"https:\/\/autoitec.com.br\/autoitecwp\/wp-json\/wp\/v2\/media?parent=30"}],"curies":[{"name":"wp","href":"https:\/\/api.w.org\/{rel}","templated":true}]}}