{"id":95,"date":"2018-03-27T15:27:03","date_gmt":"2018-03-27T15:27:03","guid":{"rendered":"http:\/\/autoitec.com.br\/autoitecwp\/one-page-express\/"},"modified":"2018-04-02T19:02:42","modified_gmt":"2018-04-02T22:02:42","slug":"one-page-express","status":"publish","type":"page","link":"https:\/\/autoitec.com.br\/autoitecwp\/","title":{"rendered":"Front Page"},"content":{"rendered":"<div  data-label=\"Overlapable\" data-id=\"stripped-coloured-icon-boxes\" data-category=\"overlapable\" class=\"features-coloured-icon-boxes-section stripped-coloured-icon-boxes\" data-overlap=\"true\" id=\"overlapable-2\" style=\"background-color: rgb(255, 255, 255);\"> <div  class=\"gridContainer\"> <div  class=\"features-coloured-icon-boxes-innerrow flexbox-list dark-text\" data-type=\"row\"> <div  class=\"features-coloured-icon-boxes-featurecol cp3cols\"> <div  class=\"features-coloured-icon-boxes-iconcontainer\" data-content-item-container=\"true\"> <i  data-cp-fa=\"true\" class=\"features-coloured-icon fa fa-building\"><\/i> <\/div> <h4  class=\"\">A empresa<\/h4> <p  class=\"\">A AUTOITEC \u00e9 uma empresa que oferece diversos tipos de solu\u00e7\u00f5es na \u00e1rea de engenharia de automa\u00e7\u00e3o para v\u00e1rios segmentos de mercado.&nbsp;<\/p> <a  class=\"features-coloured-button\" href=\"a-empresa\" target=\"_self\">LEIA MAIS<\/a> <\/div> <div  class=\"features-coloured-icon-boxes-featurecol cp3cols\"> <div  class=\"features-coloured-icon-boxes-iconcontainer\" data-content-item-container=\"true\"> <i  data-cp-fa=\"true\" class=\"features-coloured-icon fa fa-cogs\"><\/i> <\/div> <h4  class=\"\">Servi\u00e7os<\/h4> <p  class=\"\">Contamos com profissionais altamente capacitados para a realiza\u00e7\u00e3o das diversas atividades na \u00e1rea de automa\u00e7\u00e3o industrial, possuindo um atendimento totalmente personalizado e exclusivo.&nbsp;<\/p> <a  class=\"features-coloured-button\" href=\"servicos\" target=\"_self\">LEIA MAIS<\/a> <\/div> <div  class=\"features-coloured-icon-boxes-featurecol cp3cols\"> <div  class=\"features-coloured-icon-boxes-iconcontainer\" data-content-item-container=\"true\"> <i  data-cp-fa=\"true\" class=\"features-coloured-icon fa fa-handshake-o\"><\/i> <\/div> <h4  class=\"\">Clientes<\/h4> <p  class=\"\">Nossos clientes s\u00e3o nossos maiores aliados, com os quais podem ser obtidas as verdadeiras refer\u00eancias aos trabalhos executados, no transcorrer dos anos.<\/p> <a  class=\"features-coloured-button\" href=\"clientes\" target=\"_self\">LEIA MAIS<\/a> <\/div> <div  class=\"features-coloured-icon-boxes-featurecol cp3cols\"> <div  class=\"features-coloured-icon-boxes-iconcontainer\" data-content-item-container=\"true\"> <i  data-cp-fa=\"true\" class=\"features-coloured-icon fa fa-comments-o\"><\/i> <\/div> <h4  class=\"\">Fale conosco<\/h4> <p  class=\"\">A equipe AUTOITEC se coloca \u00e0 inteira disposi\u00e7\u00e3o para prestar servi\u00e7os, na certeza de lhes oferecer organiza\u00e7\u00e3o, responsabilidade e seguran\u00e7a.&nbsp;<\/p> <a  class=\"features-coloured-button\" href=\"fale-conosco\" target=\"_self\">LEIA MAIS<\/a> <\/div> <\/div> <\/div><\/div><div  data-label=\"Content\" data-id=\"content-image-right\" data-category=\"content\" class=\"content-right-image-section content-image-right\" id=\"content-4\" style=\"background-color: rgb(246, 246, 246);\"> <div  class=\"gridContainer\"> <div  class=\"content-right-image-gridcol\"> <div  class=\"content-right-image-textcol dynamic-color\" data-type=\"column\"> <h2  class=\"\">Conhe\u00e7a a Autoitec&nbsp;<\/h2> <p  class=\"large_text\">A AUTOITEC Automa\u00e7\u00e3o Ltda, fundada em 2011 com sede em Sete Lagoas \u2013 MG, \u00e9 uma empresa focada no desenvolvimento, elabora\u00e7\u00e3o e gerenciamento de projetos de automa\u00e7\u00e3o em geral.\n<br ><br >A nossa equipe conta com profissionais altamente capacitados para a realiza-\u00e7\u00e3o das diversas atividades na \u00e1rea de automa\u00e7\u00e3o industrial, possuindo um atendi-mento totalmente personalizado e exclusivo.\n<br ><br >Nosso pensamento se resume em atingir todos os resultados esperados, da maneira mais eficiente; enfatizando a qualidade dos produtos e a redu\u00e7\u00e3o de custos para nossos clientes. Contamos com uma moderna infraestrutura, e equipamentos de \u00faltima gera\u00e7\u00e3o que otimizam todos os resultados&#8230;<\/p> <a  class=\"button blue\" href=\"quem-somos\" target=\"_self\"> LEIA MAIS <\/a> <\/div> <div  class=\"content-right-image-imgcol\" data-type=\"column\"> <img decoding=\"async\"  src=\"http:\/\/autoitec.com.br\/autoitecwp\/wp-content\/plugins\/one-page-express-companion\/theme-data\/one-page-express\/sections\/images\/project1.jpg\" class=\"\"> <\/div> <\/div> <\/div> <\/div><div  data-label=\"About\" data-id=\"about-four-boxes-section\" data-category=\"about\" class=\"about-four-boxes-section\" id=\"about-2\" style=\"background-color: rgb(255, 255, 255);\"> <div  class=\"gridContainer\"> <div  class=\"about-four-boxes-innerrow flexbox-list\"> <div  class=\"about-four-boxes-imgcol\" data-bg=\"image\"><\/div> <div  class=\"about-four-boxes-textcol\" data-type=\"column\"> <h6  class=\"\">segmentos de mercado<\/h6>  <p  class=\"\">Siderurgia<br >    Minera\u00e7\u00e3o<br >    Alum\u00ednio<br >    Cimento<br >    Metalurgia<br >    Saneamento<br >    Tratamento de \u00c1gua<br >    Papel e Celulose<\/p> <\/div> <div  class=\"about-four-boxes-textcol\" data-type=\"column\"> <h6  class=\"\">segmentos de mercado<\/h6>  <p  class=\"\">Petroqu\u00edmica<br >Cloroqu\u00edmico<br >Frigor\u00edficos<br >F\u00e1bricas de Fertilizantes<br >Montadoras de Autom\u00f3veis<br >Edif\u00edcios Inteligentes<br >Ind\u00fastrias de Bebidas e Aliment\u00edcias<br >Usinas de Gera\u00e7\u00e3o de Energia<\/p> <\/div> <div  class=\"about-four-boxes-imgcol2\" data-bg=\"image\"><\/div> <\/div> <\/div><\/div>","protected":false},"excerpt":{"rendered":"<p>A empresa A AUTOITEC \u00e9 uma empresa que oferece diversos tipos de solu\u00e7\u00f5es na \u00e1rea de engenharia de automa\u00e7\u00e3o para v\u00e1rios segmentos de mercado.&nbsp; LEIA MAIS Servi\u00e7os Contamos com profissionais altamente capacitados para a realiza\u00e7\u00e3o das diversas atividades na \u00e1rea de automa\u00e7\u00e3o industrial, possuindo um atendimento totalmente personalizado e exclusivo.&nbsp; LEIA MAIS Clientes Nossos clientes&hellip; <br \/> <a class=\"button small blue\" href=\"https:\/\/autoitec.com.br\/autoitecwp\/2018\/03\/27\/hello-world\/\">Leia mais<\/a><\/p>\n","protected":false},"author":1,"featured_media":0,"parent":0,"menu_order":0,"comment_status":"closed","ping_status":"closed","template":"","meta":{"footnotes":""},"class_list":["post-95","page","type-page","status-publish","hentry"],"_links":{"self":[{"href":"https:\/\/autoitec.com.br\/autoitecwp\/wp-json\/wp\/v2\/pages\/95"}],"collection":[{"href":"https:\/\/autoitec.com.br\/autoitecwp\/wp-json\/wp\/v2\/pages"}],"about":[{"href":"https:\/\/autoitec.com.br\/autoitecwp\/wp-json\/wp\/v2\/types\/page"}],"author":[{"embeddable":true,"href":"https:\/\/autoitec.com.br\/autoitecwp\/wp-json\/wp\/v2\/users\/1"}],"replies":[{"embeddable":true,"href":"https:\/\/autoitec.com.br\/autoitecwp\/wp-json\/wp\/v2\/comments?post=95"}],"version-history":[{"count":47,"href":"https:\/\/autoitec.com.br\/autoitecwp\/wp-json\/wp\/v2\/pages\/95\/revisions"}],"predecessor-version":[{"id":408,"href":"https:\/\/autoitec.com.br\/autoitecwp\/wp-json\/wp\/v2\/pages\/95\/revisions\/408"}],"wp:attachment":[{"href":"https:\/\/autoitec.com.br\/autoitecwp\/wp-json\/wp\/v2\/media?parent=95"}],"curies":[{"name":"wp","href":"https:\/\/api.w.org\/{rel}","templated":true}]}}